7
Calculate -71 - (-76 - -45) - (2 + -11).
-31
7 + 11 + 1 + (9 + 27 - 42)
13
What is -1 - (-2 + 1) - (17 + -24 + 9) - 48?
-50
Evaluate 168 + 3 + (-63 - (-39 - -21)).
126
Calculate -7 + 1 + -4 + 77 - (281 - 272).
58
Calculate 14 - (10 + 16 - 19).
7
Evaluate 0 + (12 - (12 + -8)) + 103 - (-60 + 50).
121
Calculate 30 + 9 + (-6 - (10 - (6 - 0)) - -1).
30
Calculate 473 + -484 - (-34 - -2).
21
What is 46 - (-122 + 233 + -64)?
-1
What is (153 - 64 - 117) + (1 - -104)?
77
What is -1 + (1 - 103) - (1799 - 1818)?
-84
What is the value of 14 + -1 + (7 - 3) - (1 - 10)?
26
Calculate 3 - 69 - (2208 - 2332).
58
18 + 36 + -22 - 11
21
Calculate 0 - ((1 - 2) + (33 - 46 - (7 + -8))).
13
Calculate -351 + 351 + 0 + (4 - 1 - (-9 - -9)).
3
What is 2325 + -2221 + (-108 - 1)?
-5
Calculate (-17 - -41) + -25 + (26 - 13) - 6.
6
Evaluate -88 - (-84 - -45 - -32).
-81
What is -38 + 7 + 19 + (56 - (0 + 4))?
40
What is the value of -21 + 5 + 0 + 17 + 27 + -44?
-16
Calculate (-3 - 18) + (0 + -35 - -51).
-5
(1 + -3 - -1) + 89 - (-133 + 128)
93
Evaluate (-1524 - -1544 - (26 - 0)) + 16.
10
Calculate (-1785 - -1847) + -2 + 0.
60
(-4 - 6 - -134) + (-369 - -375)
130
What is the value of (-2 + -2 - -6 - 4) + (128 + -72 - 88)?
-34
What is (-508 + 312 - -199) + (-74 - (1 + 0 + -1))?
-71
Calculate 35 + -88 + -6 + 12 + -30.
-77
7 + (9 - (-11 - -23)) - 34
-30
What is 12 + (-50 - -7) + 3?
-28
Calculate -1 - 39 - (1808 - 1845) - (-25 - 0).
22
Evaluate -172 + (22 - -142) - (-2 - (-53 - -1) - 2).
-56
Evaluate 1 + 12 - 8 - (-6 + (1 - (0 + 32))).
42
What is (-55 - (-30 - -83)) + (-2 - -9) + 2?
-99
What is 94 - (58 + -19 + 65)?
-10
What is (1 - -10) + (-55 + -2 - (146 + -184))?
-8
What is -45 - (37 - 73) - (25 + 5)?
-39
What is (1 + 8 - (50 - 8 - 42)) + 3?
12
Evaluate -226 + (6 - -1) - -110.
-109
What is (26 + 10 - 29 - 35) + 1 + 9?
-18
What is the value of 63 - (42 + -51 + 38)?
34
Evaluate 1 + -2 + -7 - (27 + -26) - (-2821 - -2753).
59
Calculate 52 - (56 - 21) - 43.
-26
What is 41 + 29 + -115 - (-1 + -12 + -2)?
-30
Evaluate -164 + 171 + (-9 + 4 - (-1 - -1)).
2
(-18 + -20 - (-163 - -47)) + (-1 - -25)
102
What is the value of (-35 + 26 - -6) + (-6 - 27)?
-36
10 + (2 - 24 - 14) - (-3 - -4)
-27
Calculate (31 - -49) + -100 - (-4 + (-113 - 4)).
101
Calculate -7 - (-18 - -25) - (2 + 3 + (-20 - -22)).
-21
What is 896 + -849 + (-4 - 1) - -29?
71
Evaluate 25 - 26 - (6 + -2 + -2).
-3
Evaluate (7 - (-30 + 7)) + -2 - 51.
-23
Calculate (5 - (20 - (-16 - -52))) + 19.
40
What is (18 - (-28 + 56) - -48) + -2?
36
What is the value of (8 - 73) + 14 + -1 + 15?
-37
Evaluate -128 + -30 + -46 + 126.
-78
Evaluate -10 + (-4 + (9 - -2) - (5 - -1)) + 11.
2
Evaluate (895 - 901) + -1 + -1 - 23.
-31
31 + -153 + 65 + 25
-32
Calculate (3 - -3) + 3 + (28 + -12 - 27).
-2
Calculate (12 - 37) + (61 - 11).
25
What is (73 - 3) + (2502 - 2655)?
-83
(146 - (171 + -54)) + (-2 - 2) + -2
23
-302 + 267 + (37 - 1)
1
209 + -218 + 7 + -1 + -48
-51
What is the value of -6 + 21 + 4 - (0 - (31 - 44))?
6
What is the value of -175 + (71 - 1) - -102?
-3
Calculate -119 + -1 + 72 + (7 - 1).
-42
Evaluate -65 + 58 + -14 - (-89 - -5).
63
What is the value of 18 + -28 + (-27 - -23) - (2 - 0)?
-16
-12 - -43 - 56 - -27 - -57
59
Evaluate -1 - (-53 - (103 - 29)).
126
Evaluate 33 + -8 - (73 + -66).
18
12 + -6 - (62 + -7)
-49
Calculate -6 + 7 + 25 - (0 - -6).
20
What is the value of (21 - (-15 - -22)) + 11 + -5 + 4 - -1?
25
10568 + -10590 + (-51 - 1) + 0
-74
Calculate 1584 + -1643 - (-110 + -5).
56
73 + 26 + -43 + -20 - 5
31
-46 - (-57 - 13 - -40)
-16
What is the value of 19 + 29 + 1 + 4 + -24?
29
What is 13 + (5 - 14 - 0) - 38 - (-1 + -10)?
-23
-7 + 1 + 7 + -46 + 40 - 49
-54
Calculate (6655 - 6638) + -42 + 0.
-25
What is the value of 0 - 9 - (34 - 93 - (-4 + -2))?
44
Calculate -29 - ((9 - 0) + -23) - -37.
22
Calculate 49 - (-45 + (5 - -48)).
41
Calculate (2 - 22) + -146 + 173 - (43 - 2).
-34
What is the value of (4 - 14 - 0) + (-30 - (69 + -123))?
14
Calculate (58 - 2) + (50 - 20 - 12) - -21.
95
What is -2 - (-8 - ((32 - (-14 - -4)) + -7 - -2))?
43
-39 + (35 - -16 - 14) + 56 + 0
54
Calculate -22 - (-94 + (50 - -83)).
-61
Evaluate (-77 - 26) + -56 + 52.
-107
Calculate 23 - (2 + -15 - (64 - 64)).
36
What is (151 - 112) + 0 + 4 + 20?
63
What is the value of -78 + -18 - (91 - 134)?
-53
What is the value of 9 - (1 + 0) - ((6 - 31) + 4 - -7)?
22
Evaluate 19 + 17 + (-37 - -17) + 5.
21
Calculate 50 - (55 + -26) - (-2 + (-5 + 6 - -12)).
10
Calculate 0 - -1 - ((4567 - 4574) + 0 + (21 - -2)).
-15
Evaluate -945 - -963 - (2 + 3 + 5).
8
What is -3 + 52 + 3 - (-1843 + 1818)?
77
-10 - (-1 - (-18 - (-13 - -15 - (8 - 2))))
-23
Evaluate 31 + (-133 - 21) + 29.
-94
Calculate -716 + 698 + -1 + -12.
-31
What is the value of 110 + -116 + 79 - 27?
46
What is -316 - -330 - (1 + -29)?
42
(88 - (73 - 79)) + 20
114
What is (-5323 - -5470) + (-69 - 2)?
76
22 + (0 + (-10 - 15) - -55)
52
What is 29 + 49 + -135 - 64?
-121
What is -24 - (12 - (1 - -20) - 13)?
-2
Calculate (19 - 12) + -19 + -3 - -46.
31
149 + (25 + (11 - 12) + -23 - 6)
144
-11 - (-1 - -3 - 13 - (1777 - 1824))
-47
Evaluate -458 - -556 - (-11 + 4 + -2 - -6).
101
Calculate -46 + 44 + -23 - (6 + -2).
-29
-31 - (9 + -59 + -35 + -32)
86
What is the value of 38 + (-28 - -12 - 30)?
-8
What is the value of -40 + 1 + (-22 + 331 - 219)?
51
What is (2 + -4 - -3) + -40 + 58?
19
What is 3 - (-9 - (1 - ((16 - -11) + -2)))?
-12
(18 - (47 + -16)) + 44
31
Calculate 130 - (-73 + 163) - (-2 + -14).
56
What is the value of 4 + -15 + 12 + -11 + -66 + 8?
-68
Evaluate -2 - (-12 + (20 - (10 - 0))) - -17.
17
What is -11 + -12 + 19 + -38 + 17?
-25
What is the value of -11 + (31 - -27 - 5)?
42
Evaluate 4 + 1 + -14139 + 14272.
138
134 - 152 - (-8 + 5 + -6 + -28)
19
Evaluate (8 - (-171 + 155)) + -1 + -2 + 1 + 1.
23
What is the value of -78 - ((-3 - (-2 + -2)) + (-290 - -292)) - -7?
-74
Calculate 24 - 1 - ((28 - 27) + 13) - (58 + -19).
-30
Calculate 5 + 2 + -35 + 256 + -241.
-13
Calculate -1 + -53 + (311 - (148 + 119)).
-10
Calculate 4 + -2 + -28 + 88 + -66.
-4
Evaluate 42 + -43 + -30 + (4 - 14).
-41
What is (-77 - -74) + 4 + 22 + -5?
18
Evaluate 29 + (-43 - 38) + 53.
1
Calculate 14 + (123 - (29 + 36)).
72
Calculate -17 - (-34 - (-42 + 19)).
-6
(63 - (1 + 1)) + (77 + -74 - (2 + 4))
58
Evaluate 24 + -11 + (0 - (7 - 5)) + 9.
20
10 + -71 + -159 + 192
-28
Calculate -15 + -17 + 38 - -14.
20
What is the value of -19 + (-40 - -52) + (6 + -70 - -3)?
-68
Evaluate (8 - 114) + 86 - (-9 - -2).
-13
What is the value of (3 - 11) + (-3 - 8) + -23?
-42
What is the value of 1167 - 1154 - (0 + -85)?
98
What is -101 + -1 - ((78 - (-63 + 115)) + -43 + 5)?
-90
-47 - (-39 - -60 - (12 - 29))
-85
What is 3 - (-13 + (24 + -19 - (5 - (4 - -3))))?
9
What is 214 + -210 + (-2 - -4) + -67 + 7 + -7?
-61
Calculate 23 - ((-40 - -57) + -20 - (-10 + -1)).
15
15 + (14 - 28 - 19) + 11
-7
(-16 - 3) + (-38 - -51) + 33
27
Evaluate (-728 + 731 - (67 - 3)) + -50.
-111
Evaluate (4 - 15) + 4 + (81 - 69) - 1.
4
What is 252 + -306 + (1 - (3 - 3 - 6 - 0))?
-47
What is -3 - (1 - (-2 - (28 + -21)))?
-13
Calculate -3 - (46 + 9 - 28) - -12.
-18
Calculate 8 - ((-3 - -25) + -32 - -24).
-6
21 + -36 - -10 - (4 + -17 + 4) - 8
-4
Calculate -18 + (18 - -17) + -68 - ((2 - -1) + 2).
-56
What is -38 + -98 + 55 + 53?
-28
(-13 + 31 - -12) + 9
39
What is the value of 12 + 90 + -31 + -42?
29
What is 1 + 1 - (3 + 1) - (189 + 10 + -264)?
63
What is -6 - 7 - -129 - 63?
53
What is the value of -8 + (24 - 34 - 2) + 59?
39
What is (0 - 3 - -1) + -2 + -4 + 1 + 68?
61
What is -66 - (18 + -11 + -116)?
43
Calculate 1 + 29 + (-326 - -311) + 116 + -67.
64
Calculate 303 + -115 - 87 - -8.
109
What is the value of -37 + 58 + (1 - (0 - -77))?
-55
Evaluate -15 + (-18 + (11 + -17 - (-13 - -1)) - 56).
-83
3 - 22 - (35 + -48) - -44
38
155 + -16 + -32 + -29
78
What is the value of (-1 - 112) + 4081 + -4005?
-37
What is 118 + -8 + (-10 - -7 - 0) + (5 - 13)?
99
Evaluate (-8 - 4) + (4 + 4 - 4) - -2 - 0.
-6
Evaluate -790 + 684 + 29 + (-3 - -1).
-79
Calculate 215 + (71 - 277) - (-104 - -2).
111
Calculate 126 + (-114 - (-168 - -51)).
129
Calculate 3 + -14 + 3 + -435 + 442.
-1
Evaluate -6 + 11 + 17 + (-23 - -21).
20
(-4 + -7 - 130) + (11 - 38) + 45
-123
Calculate 4 + 9 + 1 + (-63 - -59).
10
Evaluate 14 - (-4 + (1 - -4) + -144 + 37 + -5).
125
